- 9*c - 12. Determine i(-9).
-12
Let j(a) = -a**2 + 18*a + 9330. Give j(106).
2
Let j(o) = 5*o**3 - 22*o**2 - 3*o + 11. Give j(5).
71
Let o(b) = b**3 + 24*b**2 + 46*b + 40. Determine o(-22).
-4
Let y(l) = -2*l**3 - 5*l**2 - 7*l - 38. Give y(-3).
-8
Let l(q) = -2*q**3 - 22*q**2 + 156*q - 60. Give l(-16).
4
Let d(w) = -25*w**2 + 5*w + 11. Calculate d(1).
-9
Let x(o) = 2*o**2 + 78*o + 304. What is x(-5)?
-36
Let c(u) = -10*u**2 + 233*u - 1300. What is c(9)?
-13
Let p(t) = 149*t - 167. Give p(1).
-18
Let x(h) = -h**2 - 8*h + 31. Give x(-11).
-2
Let w(m) = m**3 + m**2 + 290*m - 901. Give w(3).
5
Let w(n) = 288*n + 7176. Determine w(-25).
-24
Let z(c) = -94*c - 15442. Give z(-164).
-26
Let l(r) = -r**3 + 9*r**2 + 5*r - 2. What is l(0)?
-2
Let a(w) = 4*w**3 + 47*w**2 + 31*w - 11. Give a(-11).
11
Let h(w) = -w**2 + 30*w + 155. Give h(37).
-104
Let c(k) = k**3 - k**2 - 2543*k + 10129. What is c(4)?
5
Let f(h) = -6*h**2 + 647*h - 545. Determine f(107).
-10
Let h(g) = -3*g**3 + 257*g**2 - 172*g + 160. Calculate h(85).
-10
Let q(i) = i**2 - 134*i + 2811. Calculate q(26).
3
Let d(y) = -11*y**2 + 146*y - 22. Give d(13).
17
Let c(y) = y**2 - 50*y + 594. Calculate c(21).
-15
Let g(w) = 282*w - 49073. What is g(174)?
-5
Let a(c) = 6*c**3 - 57*c**2 - 9*c - 15. Calculate a(10).
195
Let q(y) = y**3 + 14*y**2 - 9*y - 65. Give q(-12).
331
Let q(w) = -2*w**3 - 93*w**2 - 791*w + 489. Give q(-35).
-1
Let c(a) = a**2 + 110*a + 2107. Give c(-85).
-18
Let i(n) = -521*n + 2601. Determine i(5).
-4
Let s(j) = j**3 + 45*j**2 + 84*j - 68. Calculate s(-43).
18
Let b(n) = -n**2 - 24*n + 55. Determine b(8).
-201
Let f(q) = 27*q**2 + 697*q - 30. What is f(-26)?
100
Let r(h) = -h**3 - 4*h**2 + 48*h + 130. Calculate r(-8).
2
Let i(r) = 363*r + 52999. Give i(-146).
1
Let m(i) = -593*i - 662. Determine m(-1).
-69
Let f(d) = -d**3 - 3*d**2 + 21*d + 81. Calculate f(-5).
26
Let a(o) = -39*o**2 - 167*o - 29. Give a(-4).
15
Let f(h) = 2*h**2 + 31*h - 143. Determine f(13).
598
Let i(r) = r**3 - 96*r**2 + 622*r + 27. Give i(89).
-62
Let o(k) = k**2 + 4*k + 24. Give o(8).
120
Let s(b) = -4*b**2 - 18*b + 107. Determine s(-8).
-5
Let y(f) = -f**2 + 50*f - 332. Give y(42).
4
Let q(r) = r**3 + 66*r**2 + 432*r + 1113. Give q(-59).
-8
Let g(p) = 8*p**2 + 326*p + 2882. What is g(-13)?
-4
Let c(m) = -m**2 - 6*m - 4. What is c(2)?
-20
Let k(b) = 21*b + 2333. Calculate k(-111).
2
Let a(l) = l**2 + 45*l + 347. Determine a(-38).
81
Let a(d) = -d**2 + 9*d + 116. Determine a(-7).
4
Let i(l) = -l**3 + 14*l**2 + 2*l + 176. Calculate i(15).
-19
Let z(m) = -351*m + 3876. Determine z(11).
15
Let w(y) = -y**3 - 96*y**2 + 73*y - 2344. Give w(-97).
-16
Let u(p) = 2*p**3 + 17*p**2 + 12*p - 41. What is u(-12)?
-1193
Let m(g) = -g**3 - 33*g**2 + 15*g - 203. Calculate m(-34).
443
Let v(z) = -3*z**3 + 21*z**2 - 3*z - 3. Determine v(4).
129
Let g(b) = -11*b - 279. Calculate g(-16).
-103
Let j(b) = -b**3 + 5*b**2 - 22*b + 15. Give j(4).
-57
Let v(f) = 355*f - 5062. Determine v(14).
-92
Let f(m) = m**3 - 7*m**2 + 9*m + 9. Calculate f(4).
-3
Let q(c) = -2*c**2 + 72*c + 2709. Determine q(59).
-5
Let t(g) = -7*g**2 + 22*g + 13. Determine t(-4).
-187
Let i(c) = -48*c**2 - 338*c + 4. What is i(-7)?
18
Let j(b) = 58*b + 162. Calculate j(-3).
-12
Let y(p) = 5*p**2 - 7*p - 117. Calculate y(5).
-27
Let a(k) = -14*k + 886. What is a(65)?
-24
Let z(j) = j**2 + 3*j - 66. Calculate z(7).
4
Let o(a) = -a**3 - 5*a**2 + 33*a + 63. Calculate o(-8).
-9
Let b(c) = -8*c**3 + 12*c**2 - 8*c + 32. Calculate b(3).
-100
Let v(u) = -107*u + 2766. Determine v(26).
-16
Let l(r) = -2*r**3 + 17*r**2 + 22*r + 38. Give l(10).
-42
Let v(j) = -j**3 + 32*j**2 + j - 34. What is v(32)?
-2
Let w(s) = -s**3 + 9*s**2 + 82*s - 644. Calculate w(7).
28
Let r(z) = 2*z**2 - 904*z + 9697. What is r(11)?
-5
Let q(h) = h**3 - 10*h**2 + 15*h + 32. What is q(7)?
-10
Let d(r) = -r**3 + 20*r**2 + 73*r - 1466. Give d(20).
-6
Let j(k) = -k**3 + 50*k**2 + 49*k + 108. Calculate j(51).
6
Let m(r) = r**3 - 52*r**2 + r - 117. Calculate m(52).
-65
Let b(c) = -c**2 - 12*c - 100. What is b(-9)?
-73
Let b(p) = -p**2 - 32*p + 534. Calculate b(-44).
6
Let s(h) = -13*h**2 - 97*h + 34. Calculate s(-8).
-22
Let i(p) = 5*p**2 - 103*p + 309. Calculate i(3).
45
Let f(l) = 100*l + 99. Determine f(-1).
-1
Let n(x) = -14*x**2 - 209*x - 6. Give n(-12).
486
Let s(p) = -p**3 + 11*p**2 - 28*p + 450. What is s(12)?
-30
Let b(w) = -2*w - 101. What is b(-18)?
-65
Let s(o) = -850*o + 14432. Give s(17).
-18
Let k(y) = -y**3 - 46*y**2 + 340*y - 144. Give k(6).
24
Let b(d) = -15*d**2 + 1781*d + 468. Determine b(119).
-8
Let u(d) = -d**2 - 37*d + 315. What is u(-42)?
105
Let v(o) = -2*o**2 + 65*o - 455. Calculate v(10).
-5
Let f(a) = 24*a - 1115. Determine f(36).
-251
Let t(v) = -3*v**3 + 17*v**2 - 25*v - 17. Determine t(4).
-37
Let k(v) = -304*v - 8415. Give k(-28).
97
Let f(g) = -g**3 - 6*g**2 + 249*g + 774. Determine f(-3).
0
Let l(y) = -y**2 - 37*y + 4. Determine l(-37).
4
Let v(q) = -13*q - 129. Determine v(4).
-181
Let t(s) = 2*s**3 + 31*s**2 + 144*s - 10. What is t(-10)?
-350
Let g(n) = -2*n**3 - 68*n**2 + 143*n - 32. Determine g(-36).
4
Let t(u) = 659*u - 7261. Calculate t(11).
-12
Let w(i) = -i**3 - 16*i**2 - 68*i - 92. Give w(-11).
51
Let w(i) = -4*i + 81. Determine w(11).
37
Let v(w) = w**3 + 23*w**2 - 69*w - 1091. Calculate v(-24).
-11
Let k(m) = 3*m**2 + 198*m - 411. Give k(-68).
-3
Let s(q) = 828*q - 2336. Determine s(3).
148
Let k(u) = -u**3 + 30*u**2 - 33*u + 80. What is k(29)?
-36
Let u(s) = s**2 - 350*s + 1394. Give u(4).
10
Let u(c) = -c**3 - 11*c**2 - 12*c + 42. What is u(3)?
-120
Let y(b) = 2272*b - 65889. Give y(29).
-1
Let f(v) = 53*v**2 - 17*v - 34. What is f(-2)?
212
Let k(c) = -10*c**3 + c**2 + 3*c - 4. Give k(1).
-10
Let j(m) = -m**3 + 35*m**2 + 200*m - 23. Determine j(40).
-23
Let a(x) = -3*x**2 - 66*x + 356. Determine a(-25).
131
Let y(b) = 4*b**3 - 84*b**2 - 6*b + 122. Determine y(21).
-4
Let v(b) = -3*b**3 + 100*b**2 - 36*b + 97. Calculate v(33).
-2
Let n(b) = b**3 + 19*b**2 + 2*b + 27. Determine n(-19).
-11
Let j(d) = -45*d**3 + 7*d**2 + 19*d - 2. Calculate j(-2).
348
Let q(z) = -3*z**3 - 69*z**2 + 74*z + 37. Give q(-24).
-11
Let x(o) = 4*o**2 - 890*o + 2205. What is x(220)?
5
Let t(n) = 660*n - 5289. Determine t(8).
-9
Let c(m) = -78*m**2 - 614*m + 83. Give c(-8).
3
Let l(y) = -17*y - 259. Calculate l(-13).
-38
Let q(p) = -1507*p + 51242. Calculate q(34).
4
Let h(c) = -786*c - 1604. Give h(-2).
-32
Let t(l) = -9*l - 121. Calculate t(-18).
41
Let w(b) = -9602*b - 9610. What is w(-1)?
-8
Let m(x) = -2*x**2 - 1255*x + 5051. Calculate m(4).
-1
Let w(u) = 2*u**2 + 66*u + 135. Determine w(-31).
11
Let i(f) = -25*f - 1302. Calculate i(-52).
-2
Let a(u) = -u**3 - 3*u**2 + 1543*u + 7669. What is a(-5)?
4
Let d(l) = l**3 + 12*l**2 + 199*l + 2393. Determine d(-12).
5
Let t(y) = -10*y**2 - 215*y + 130. What is t(-22)?
20
Let u(p) = p**3 - 3*p**2 - 208*p - 948. Determine u(-8).
12
Let s(c) = -c**2 - 69*c - 496. Determine s(-62).
-62
Let b(h) = -h**2 - 28*h + 1399. Give b(26).
-5
Let g(i) = -32*i - 3667. What is g(-116)?
45
Let p(c) = 13*c**2 + 614*c - 54. Give p(-47).
-195
Let y(n) = -11*n**2 + 67*n + 133. What is y(-2)?
-45
Let o(a) = a**2 - 60*a - 166. Calculate o(44).
-870
Let g(s) = -7*s**2 + 85*s - 92. Calculate g(11).
-4
Let v(n) = 2*n**2 - 91*n - 904. Calculate v(54).
14
Let c(v) = -v**3 + 16*v**2 - 24*v + 45. Calculate c(14).
101
Let s(m) = -4*m**2 + 384*m - 2793. Calculate s(8).
23
Let x(m) = -4*m**3 - 155*m**2 + 42*m + 83. Determine x(-39).
-34
Let u(f) = -19*f - 44. Calculate u(-7).
89
Let s(g) = 17*g**2 + 78*g + 11. What is s(-5)?
46
Let y(r) = 2885*r - 28850. What is y(10)?
0
Let t(b) = -628*b - 8702. Give t(-14).
90
Let m(q) = q**3 - 16*q**2 + 12*q - 74. Calculate m(15).
-119
Let g(d) = 2*d**3 - 167*d**2 + 83*d - 141. What is g(83)?
-141
Let z(k) = 4*k + 5. What is z(-4)?
-11
Let z(s) = 13*s - 483. Calculate z(37).
-2
Let z(d) = 118*d - 555. Calculate z(7).
271
Let g(x) = x - 17. Determine g(-69).
-86
Let s(r) = -1946*r + 9719. Calculate s(5).
-11
Let x(q) = -q**2 - 376*q + 1903. Calculate x(5).
-2
Let h(n) = -42*n**2 - 5*n + 15. Determine h(0).
15
Let x(q) = -q**2 - 84*q - 1271. Calculate x(-64).
9
Let p(t) = -287*t - 10894. What is p(-38)?
12
Let g(n) = -85*n - 137